{"id":32,"date":"2021-02-01T09:32:59","date_gmt":"2021-02-01T09:32:59","guid":{"rendered":"http:\/\/mateuszstanicki.pl\/?page_id=32"},"modified":"2025-09-18T11:24:55","modified_gmt":"2025-09-18T11:24:55","slug":"colibri-wp","status":"publish","type":"page","link":"https:\/\/mateuszstanicki.pl\/","title":{"rendered":"Front Page"},"content":{"rendered":"<div data-colibri-id=\"32-c1\" class=\"style-193 style-local-32-c1 position-relative\">\n  <!---->\n  <div data-colibri-component=\"section\" data-colibri-id=\"32-c2\" id=\"experience\" class=\"h-section h-section-global-spacing d-flex align-items-lg-center align-items-md-center align-items-center style-201 style-local-32-c2 position-relative\">\n    <!---->\n    <!---->\n    <div class=\"h-section-grid-container h-section-boxed-container\">\n      <!---->\n      <div data-colibri-id=\"32-c3\" class=\"h-row-container gutters-row-lg-0 gutters-row-md-0 gutters-row-2 gutters-row-v-lg-0 gutters-row-v-md-0 gutters-row-v-2 style-202 style-local-32-c3 position-relative\">\n        <!---->\n        <div class=\"h-row justify-content-lg-center justify-content-md-center justify-content-center align-items-lg-stretch align-items-md-stretch align-items-stretch gutters-col-lg-0 gutters-col-md-0 gutters-col-2 gutters-col-v-lg-0 gutters-col-v-md-0 gutters-col-v-2\">\n          <!---->\n          <div class=\"h-column h-column-container d-flex h-col-lg-4 h-col-md-4 h-col-12 style-203-outer style-local-32-c4-outer\">\n            <div data-colibri-id=\"32-c4\" class=\"d-flex h-flex-basis h-column__inner h-px-lg-3 h-px-md-3 h-px-2 v-inner-lg-3 v-inner-md-3 v-inner-2 style-203 style-local-32-c4 position-relative\">\n              <!---->\n              <!---->\n              <div class=\"w-100 h-y-container h-column__content h-column__v-align flex-basis-100 align-self-lg-start align-self-md-start align-self-start\">\n                <!---->\n                <div data-colibri-id=\"32-c5\" class=\"h-icon style-204 style-local-32-c5 position-relative h-element\">\n                  <!----><span class=\"h-svg-icon h-icon__icon style-204-icon style-local-32-c5-icon\"><!--Icon by Font Awesome (https:\/\/fontawesome.com)-->\n    <svg version=\"1.1\" xmlns=\"http:\/\/www.w3.org\/2000\/svg\" xmlns:xlink=\"http:\/\/www.w3.org\/1999\/xlink\" id=\"book\" viewBox=\"0 0 1664 1896.0833\">\n      <path d=\"M1639 478q40 57 18 129l-275 906q-19 64-76.5 107.5T1183 1664H260q-77 0-148.5-53.5T12 1479q-24-67-2-127 0-4 3-27t4-37q1-8-3-21.5t-3-19.5q2-11 8-21t16.5-23.5T52 1179q23-38 45-91.5t30-91.5q3-10 .5-30t-.5-28q3-11 17-28t17-23q21-36 42-92t25-90q1-9-2.5-32t.5-28q4-13 22-30.5t22-22.5q19-26 42.5-84.5T340 411q1-8-3-25.5t-2-26.5q2-8 9-18t18-23 17-21q8-12 16.5-30.5t15-35 16-36 19.5-32 26.5-23.5 36-11.5T556 134l-1 3q38-9 51-9h761q74 0 114 56t18 130l-274 906q-36 119-71.5 153.5T1025 1408H156q-27 0-38 15-11 16-1 43 24 70 144 70h923q29 0 56-15.5t35-41.5l300-987q7-22 5-57 38 15 59 43zm-1064 2q-4 13 2 22.5t20 9.5h608q13 0 25.5-9.5T1247 480l21-64q4-13-2-22.5t-20-9.5H638q-13 0-25.5 9.5T596 416zm-83 256q-4 13 2 22.5t20 9.5h608q13 0 25.5-9.5T1164 736l21-64q4-13-2-22.5t-20-9.5H555q-13 0-25.5 9.5T513 672z\"><\/path>\n    <\/svg><\/span><\/div>\n                <div data-colibri-id=\"32-c6\" class=\"h-global-transition-all h-heading style-205 style-local-32-c6 position-relative h-element\">\n                  <!---->\n                  <div class=\"h-heading__outer style-205 style-local-32-c6\">\n                    <!---->\n                    <!---->\n                    <h6 class=\"\">highest score on sworn translator exams\n                      <br>***\n                      <br>NAJWY\u017bSZY WYNIK W POLSCE NA EGZAMINIE&nbsp;<\/h6>\n                  <\/div>\n                <\/div>\n                <div data-colibri-id=\"32-c7\" class=\"h-text h-text-component style-206 style-local-32-c7 position-relative h-element\">\n                  <!---->\n                  <!---->\n                  <div class=\"\">\n                    <p>&#8211;&nbsp;uprawnienie nadane przez Ministra Sprawiedliwosci w 2019 r.\n                      <br>\n                    <\/p>\n                  <\/div>\n                <\/div>\n              <\/div>\n            <\/div>\n          <\/div>\n          <div class=\"h-column h-column-container d-flex h-col-lg-4 h-col-md-4 h-col-12 style-203-outer style-local-32-c8-outer\">\n            <div data-colibri-id=\"32-c8\" class=\"d-flex h-flex-basis h-column__inner h-px-lg-3 h-px-md-3 h-px-2 v-inner-lg-3 v-inner-md-3 v-inner-2 style-203 style-local-32-c8 position-relative\">\n              <!---->\n              <!---->\n              <div class=\"w-100 h-y-container h-column__content h-column__v-align flex-basis-100 align-self-lg-start align-self-md-start align-self-start\">\n                <!---->\n                <div data-colibri-id=\"32-c9\" class=\"h-icon style-204 style-local-32-c9 position-relative h-element\">\n                  <!----><span class=\"h-svg-icon h-icon__icon style-204-icon style-local-32-c9-icon\"><!--Icon by Font Awesome (https:\/\/fontawesome.com)-->\n    <svg version=\"1.1\" xmlns=\"http:\/\/www.w3.org\/2000\/svg\" xmlns:xlink=\"http:\/\/www.w3.org\/1999\/xlink\" id=\"star\" viewBox=\"0 0 1664 1896.0833\">\n      <path d=\"M1664 647q0 22-26 48l-363 354 86 500q1 7 1 20 0 21-10.5 35.5T1321 1619q-19 0-40-12l-449-236-449 236q-22 12-40 12-21 0-31.5-14.5T301 1569q0-6 2-20l86-500L25 695Q0 668 0 647q0-37 56-46l502-73L783 73q19-41 49-41t49 41l225 455 502 73q56 9 56 46z\"><\/path>\n    <\/svg><\/span><\/div>\n                <div data-colibri-id=\"32-c10\" class=\"h-global-transition-all h-heading style-205 style-local-32-c10 position-relative h-element\">\n                  <!---->\n                  <div class=\"h-heading__outer style-205 style-local-32-c10\">\n                    <!---->\n                    <!---->\n                    <h6 class=\"\">20+ YEARS OF EXPERIENCE\n                      <br>***\n                      <br>20+ lat do\u015bwiadczenia<\/h6>\n                  <\/div>\n                <\/div>\n                <div data-colibri-id=\"32-c11\" class=\"h-text h-text-component style-206 style-local-32-c11 position-relative h-element\">\n                  <!---->\n                  <!---->\n                  <div class=\"\">\n                    <p><span style=\"font-weight: 400; font-size: 16px; font-family: Lato; color: rgb(58, 97, 107);\">&#8211; firmy konsultingowe (np. McKinsey)<\/span><\/p>\n                    <p>&#8211; kancelarie prawnicze (np. Capital Legalis)<\/p>\n                    <p>&#8211; sp\u00f3\u0142ki farmaceutyczne (np. Parexel)&nbsp;<\/p>\n                    <p>&#8211; konsorcja i deweloperzy budowlani (np. Immofinanz)<\/p>\n                    <p>\n                      <br>\n                    <\/p>\n                  <\/div>\n                <\/div>\n              <\/div>\n            <\/div>\n          <\/div>\n          <div class=\"h-column h-column-container d-flex h-col-lg-4 h-col-md-4 h-col-12 style-203-outer style-local-32-c12-outer\">\n            <div data-colibri-id=\"32-c12\" class=\"d-flex h-flex-basis h-column__inner h-px-lg-3 h-px-md-3 h-px-2 v-inner-lg-3 v-inner-md-3 v-inner-2 style-203 style-local-32-c12 position-relative\">\n              <!---->\n              <!---->\n              <div class=\"w-100 h-y-container h-column__content h-column__v-align flex-basis-100 align-self-lg-start align-self-md-start align-self-start\">\n                <!---->\n                <div data-colibri-id=\"32-c13\" class=\"h-icon style-204 style-local-32-c13 position-relative h-element\">\n                  <!----><span class=\"h-svg-icon h-icon__icon style-204-icon style-local-32-c13-icon\"><!--Icon by Font Awesome (https:\/\/fontawesome.com)-->\n    <svg version=\"1.1\" xmlns=\"http:\/\/www.w3.org\/2000\/svg\" xmlns:xlink=\"http:\/\/www.w3.org\/1999\/xlink\" id=\"retweet\" viewBox=\"0 0 1920 1896.0833\">\n      <path d=\"M1280 1504q0 13-9.5 22.5t-22.5 9.5H288q-8 0-13.5-2t-9-7-5.5-8-3-11.5-1-11.5V896H64q-26 0-45-19T0 832q0-24 15-41l320-384q19-22 49-22t49 22l320 384q15 17 15 41 0 26-19 45t-45 19H512v384h576q16 0 25 11l160 192q7 10 7 21zm640-416q0 24-15 41l-320 384q-20 23-49 23t-49-23l-320-384q-15-17-15-41 0-26 19-45t45-19h192V640H832q-16 0-25-12L647 436q-7-9-7-20 0-13 9.5-22.5T672 384h960q8 0 13.5 2t9 7 5.5 8 3 11.5 1 11.5v600h192q26 0 45 19t19 45z\"><\/path>\n    <\/svg><\/span><\/div>\n                <div data-colibri-id=\"32-c14\" class=\"h-global-transition-all h-heading style-205 style-local-32-c14 position-relative h-element\">\n                  <!---->\n                  <div class=\"h-heading__outer style-205 style-local-32-c14\">\n                    <!---->\n                    <!---->\n                    <h6 class=\"\">YOU WANT IT FAST, GOOD BUT NOT PRICEY???\n                      <br>***\n                      <br>Szybko &#8211; dobrze &#8211; tanio ???<\/h6>\n                  <\/div>\n                <\/div>\n                <div data-colibri-id=\"32-c15\" class=\"h-text h-text-component style-206 style-local-32-c15 position-relative h-element\">\n                  <!---->\n                  <!---->\n                  <div class=\"\">\n                    <p>&#8211; niestety nie&#8230; ale szybko, dobrze i rozs\u0105dnie cenowo ju\u017c tak!&nbsp;\n                      <br>\n                    <\/p>\n                  <\/div>\n                <\/div>\n              <\/div>\n            <\/div>\n          <\/div>\n        <\/div>\n      <\/div>\n    <\/div>\n  <\/div>\n  <div data-colibri-component=\"section\" data-colibri-id=\"32-c16\" id=\"testimonials\" class=\"h-section h-section-global-spacing d-flex align-items-lg-center align-items-md-center align-items-center style-258 style-local-32-c16 position-relative\">\n    <!---->\n    <!---->\n    <div class=\"h-section-grid-container h-section-boxed-container\">\n      <div data-colibri-id=\"32-c27\" class=\"h-row-container gutters-row-lg-2 gutters-row-md-2 gutters-row-0 gutters-row-v-lg-2 gutters-row-v-md-2 gutters-row-v-2 style-266 style-local-32-c27 position-relative\">\n        <!---->\n        <div class=\"h-row justify-content-lg-center justify-content-md-center justify-content-center align-items-lg-stretch align-items-md-stretch align-items-stretch gutters-col-lg-2 gutters-col-md-2 gutters-col-0 gutters-col-v-lg-2 gutters-col-v-md-2 gutters-col-v-2\">\n          <!---->\n          <div class=\"h-column h-column-container d-flex h-col-lg-auto h-col-md-auto h-col-auto style-267-outer style-local-32-c28-outer\">\n            <div data-colibri-id=\"32-c28\" class=\"d-flex h-flex-basis h-column__inner h-px-lg-2 h-px-md-2 h-px-2 v-inner-lg-2 v-inner-md-2 v-inner-2 style-267 style-local-32-c28 position-relative\">\n              <!---->\n              <!---->\n              <div class=\"w-100 h-y-container h-column__content h-column__v-align flex-basis-100 align-self-lg-start align-self-md-start align-self-start\">\n                <!---->\n                <div data-colibri-id=\"32-c29\" class=\"h-global-transition-all h-heading style-268 style-local-32-c29 position-relative h-element\">\n                  <!---->\n                  <div class=\"h-heading__outer style-268 style-local-32-c29\">\n                    <!---->\n                    <!---->\n                    <h2 class=\"\">Projects<\/h2>\n                  <\/div>\n                <\/div>\n              <\/div>\n            <\/div>\n          <\/div>\n        <\/div>\n      <\/div>\n      <div data-colibri-id=\"32-c17\" class=\"h-row-container gutters-row-lg-2 gutters-row-md-2 gutters-row-0 gutters-row-v-lg-2 gutters-row-v-md-2 gutters-row-v-2 style-259 style-local-32-c17 position-relative\">\n        <!---->\n        <div class=\"h-row justify-content-lg-center justify-content-md-center justify-content-center align-items-lg-stretch align-items-md-stretch align-items-stretch gutters-col-lg-2 gutters-col-md-2 gutters-col-0 gutters-col-v-lg-2 gutters-col-v-md-2 gutters-col-v-2\">\n          <!---->\n          <div class=\"h-column h-column-container d-flex h-col-lg-4 h-col-md-6 h-col-12 style-260-outer style-local-32-c18-outer\">\n            <div data-colibri-id=\"32-c18\" class=\"d-flex h-flex-basis h-column__inner h-px-lg-3 h-px-md-3 h-px-3 v-inner-lg-3 v-inner-md-3 v-inner-3 style-260 style-local-32-c18 position-relative\">\n              <!---->\n              <!---->\n              <div class=\"w-100 h-y-container h-column__content h-column__v-align flex-basis-100 align-self-lg-start align-self-md-start align-self-start\">\n                <!---->\n                <div data-colibri-id=\"32-c19\" class=\"h-text h-text-component style-262 style-local-32-c19 position-relative h-element\">\n                  <!---->\n                  <!---->\n                  <div class=\"\">\n                    <p>LEGAL:<\/p>\n                    <p>Tax law opinions |&nbsp;Notarial deeds |&nbsp;Court rulings&nbsp;<\/p>\n                  <\/div>\n                <\/div>\n                <div data-colibri-id=\"32-c20\" class=\"d-block style-263 style-local-32-c20 position-relative h-element\">\n                  <!---->\n                  <div class=\"h-image__frame-container-outer\">\n                    <div class=\"h-image__frame-container\">\n                      <!---->\n                      <!---->\n                      <img loading=\"lazy\" decoding=\"async\" width=\"737\" height=\"554\" src=\"http:\/\/mateuszstanicki.pl\/wp-content\/uploads\/2021\/02\/cropped-wyrok-2.jpg\" class=\"wp-image-273 style-263-image style-local-32-c20-image\" alt=\"\" srcset=\"https:\/\/mateuszstanicki.pl\/wp-content\/uploads\/2021\/02\/cropped-wyrok-2.jpg 737w, https:\/\/mateuszstanicki.pl\/wp-content\/uploads\/2021\/02\/cropped-wyrok-2-300x226.jpg 300w\" sizes=\"(max-width: 737px) 100vw, 737px\" \/>\n                      <div class=\"h-image__frame h-hide-lg h-hide-md h-hide-sm style-263-frameImage style-local-32-c20-frameImage\"><\/div>\n                    <\/div>\n                  <\/div>\n                <\/div>\n              <\/div>\n            <\/div>\n          <\/div>\n          <div class=\"h-column h-column-container d-flex h-col-lg-4 h-col-md-6 h-col-12 style-260-outer style-local-32-c21-outer\">\n            <div data-colibri-id=\"32-c21\" class=\"d-flex h-flex-basis h-column__inner h-px-lg-3 h-px-md-3 h-px-3 v-inner-lg-3 v-inner-md-3 v-inner-3 style-260 style-local-32-c21 position-relative\">\n              <!---->\n              <!---->\n              <div class=\"w-100 h-y-container h-column__content h-column__v-align flex-basis-100 align-self-lg-start align-self-md-start align-self-start\">\n                <!---->\n                <div data-colibri-id=\"32-c22\" class=\"h-text h-text-component style-262 style-local-32-c22 position-relative h-element\">\n                  <!---->\n                  <!---->\n                  <div class=\"\">\n                    <p>BUSINESS: <\/p>\n                    <p>Issue &amp; IPO prospectuses | Corporate credit facilities |&nbsp;Factoring contracts&nbsp;<\/p>\n                  <\/div>\n                <\/div>\n                <div data-colibri-id=\"32-c23\" class=\"d-block style-263 style-local-32-c23 position-relative h-element\">\n                  <!---->\n                  <div class=\"h-image__frame-container-outer\">\n                    <div class=\"h-image__frame-container\">\n                      <!---->\n                      <!---->\n                      <img loading=\"lazy\" decoding=\"async\" width=\"194\" height=\"210\" src=\"http:\/\/mateuszstanicki.pl\/wp-content\/uploads\/2021\/02\/cropped-Dok-ppt-xx-2.jpg\" class=\"wp-image-277 style-263-image style-local-32-c23-image\" alt=\"\" \/>\n                      <div class=\"h-image__frame h-hide-lg h-hide-md h-hide-sm style-263-frameImage style-local-32-c23-frameImage\"><\/div>\n                    <\/div>\n                  <\/div>\n                <\/div>\n              <\/div>\n            <\/div>\n          <\/div>\n          <div class=\"h-column h-column-container d-flex h-col-lg-4 h-col-md-6 h-col-12 style-260-outer style-local-32-c24-outer\">\n            <div data-colibri-id=\"32-c24\" class=\"d-flex h-flex-basis h-column__inner h-px-lg-3 h-px-md-3 h-px-3 v-inner-lg-3 v-inner-md-3 v-inner-3 style-260 style-local-32-c24 position-relative\">\n              <!---->\n              <!---->\n              <div class=\"w-100 h-y-container h-column__content h-column__v-align flex-basis-100 align-self-lg-start align-self-md-start align-self-start\">\n                <!---->\n                <div data-colibri-id=\"32-c25\" class=\"h-text h-text-component style-262 style-local-32-c25 position-relative h-element\">\n                  <!---->\n                  <!---->\n                  <div class=\"\">\n                    <p>CONSTRUCTION:<\/p>\n                    <p>Consortium agreements |&nbsp;Shopping centre regulations&nbsp;<span style=\"font-weight: 400; font-size: 16px; font-family: Lato; color: rgb(58, 97, 107);\">| Public procurement procedures<\/span>&nbsp;<\/p>\n                  <\/div>\n                <\/div>\n                <div data-colibri-id=\"32-c26\" class=\"d-block style-263 style-local-32-c26 position-relative h-element\">\n                  <!---->\n                  <div class=\"h-image__frame-container-outer\">\n                    <div class=\"h-image__frame-container\">\n                      <!---->\n                      <!---->\n                      <img loading=\"lazy\" decoding=\"async\" width=\"300\" height=\"226\" src=\"http:\/\/mateuszstanicki.pl\/wp-content\/uploads\/2021\/02\/Dok-POS-xx.jpg\" class=\"wp-image-275 style-263-image style-local-32-c26-image\" alt=\"\" \/>\n                      <div class=\"h-image__frame h-hide-lg h-hide-md h-hide-sm style-263-frameImage style-local-32-c26-frameImage\"><\/div>\n                    <\/div>\n                  <\/div>\n                <\/div>\n              <\/div>\n            <\/div>\n          <\/div>\n        <\/div>\n      <\/div>\n    <\/div>\n  <\/div>\n  <div data-colibri-component=\"section\" data-colibri-id=\"32-c30\" id=\"content\" class=\"h-section h-section-global-spacing d-flex align-items-lg-center align-items-md-center align-items-center style-281 style-local-32-c30 position-relative\">\n    <!---->\n    <!---->\n    <div class=\"h-section-grid-container h-section-boxed-container\">\n      <!---->\n      <div data-colibri-id=\"32-c31\" class=\"h-row-container gutters-row-lg-2 gutters-row-md-2 gutters-row-2 gutters-row-v-lg-2 gutters-row-v-md-2 gutters-row-v-2 style-282 style-local-32-c31 position-relative\">\n        <!---->\n        <div class=\"h-row justify-content-lg-center justify-content-md-center justify-content-center align-items-lg-stretch align-items-md-stretch align-items-stretch gutters-col-lg-2 gutters-col-md-2 gutters-col-2 gutters-col-v-lg-2 gutters-col-v-md-2 gutters-col-v-2\">\n          <!---->\n          <div class=\"h-column h-column-container d-flex h-col-lg-auto h-col-md-auto h-col-auto style-283-outer style-local-32-c32-outer\">\n            <div data-colibri-id=\"32-c32\" class=\"d-flex h-flex-basis h-column__inner h-px-lg-0 h-px-md-2 h-px-0 v-inner-lg-0 v-inner-md-2 v-inner-0 style-283 style-local-32-c32 position-relative\">\n              <!---->\n              <!---->\n              <div class=\"w-100 h-y-container h-column__content h-column__v-align flex-basis-100 align-self-lg-center align-self-md-center align-self-center\">\n                <!---->\n                <div data-colibri-id=\"32-c33\" class=\"d-block style-284 style-local-32-c33 position-relative h-element\">\n                  <!---->\n                  <div class=\"h-image__frame-container-outer\">\n                    <div class=\"h-image__frame-container\">\n                      <!---->\n                      <!---->\n                      <img loading=\"lazy\" decoding=\"async\" width=\"2142\" height=\"1706\" src=\"http:\/\/mateuszstanicki.pl\/wp-content\/uploads\/2021\/02\/cropped-MG_0442-scaled-4.jpg\" class=\"wp-image-285 style-284-image style-local-32-c33-image\" alt=\"\" srcset=\"https:\/\/mateuszstanicki.pl\/wp-content\/uploads\/2021\/02\/cropped-MG_0442-scaled-4.jpg 2142w, https:\/\/mateuszstanicki.pl\/wp-content\/uploads\/2021\/02\/cropped-MG_0442-scaled-4-300x239.jpg 300w, https:\/\/mateuszstanicki.pl\/wp-content\/uploads\/2021\/02\/cropped-MG_0442-scaled-4-1024x816.jpg 1024w, https:\/\/mateuszstanicki.pl\/wp-content\/uploads\/2021\/02\/cropped-MG_0442-scaled-4-768x612.jpg 768w, https:\/\/mateuszstanicki.pl\/wp-content\/uploads\/2021\/02\/cropped-MG_0442-scaled-4-1536x1223.jpg 1536w, https:\/\/mateuszstanicki.pl\/wp-content\/uploads\/2021\/02\/cropped-MG_0442-scaled-4-2048x1631.jpg 2048w\" sizes=\"(max-width: 2142px) 100vw, 2142px\" \/>\n                      <div class=\"h-image__frame h-hide-sm style-284-frameImage style-local-32-c33-frameImage\"><\/div>\n                    <\/div>\n                  <\/div>\n                <\/div>\n              <\/div>\n            <\/div>\n          <\/div>\n          <div class=\"h-column h-column-container d-flex h-col-lg-auto h-col-md-auto h-col-auto style-285-outer style-local-32-c34-outer\">\n            <div data-colibri-id=\"32-c34\" class=\"d-flex h-flex-basis h-column__inner h-px-lg-0 h-px-md-0 h-px-2 v-inner-lg-0 v-inner-md-0 v-inner-2 style-285 style-local-32-c34 position-relative\">\n              <!---->\n              <!---->\n              <div class=\"w-100 h-y-container h-column__content h-column__v-align flex-basis-100 align-self-lg-center align-self-md-center align-self-center\">\n                <!---->\n                <div data-colibri-id=\"32-c35\" class=\"h-global-transition-all h-heading style-286 style-local-32-c35 position-relative h-element\">\n                  <!---->\n                  <div class=\"h-heading__outer style-286 style-local-32-c35\">\n                    <!---->\n                    <!---->\n                    <h3 class=\"\">Mateusz Stanicki<\/h3>\n                  <\/div>\n                <\/div>\n                <div data-colibri-id=\"32-c36\" class=\"h-text h-text-component style-287 style-local-32-c36 position-relative h-element\">\n                  <!---->\n                  <!---->\n                  <div class=\"\">\n                    <p><span style=\"font-weight: 400; font-size: 16px; font-family: &quot;Open Sans&quot;; color: rgb(70, 112, 127);\">&nbsp;mstanicki@world.pl<\/span><\/p>\n                    <p><span style=\"font-weight: 400; font-size: 16px; font-family: &quot;Open Sans&quot;; color: rgb(70, 112, 127);\">+48 513 126 855<\/span><\/p>\n                    <p><strong style=\"font-weight: 400; font-size: 16px; font-family: &quot;Open Sans&quot;; color: rgb(70, 112, 127);\"><u>Centrum:<\/u><\/strong><span style=\"font-weight: 400; font-size: 16px; font-family: &quot;Open Sans&quot;; color: rgb(70, 112, 127);\">&nbsp;Metro Politechnika, ul. Nowowiejska 1\/3 (brama przy Rossman, domofon: Mokotowska 15 A lok. 21, parter w Millenium House)<\/span><\/p>\n                    <p>\n                      <u style=\"font-weight: 400; font-size: 16px; font-family: &quot;Open Sans&quot;; color: rgb(70, 112, 127);\">Mokot\u00f3w<\/u><span style=\"font-weight: 400; font-size: 16px; font-family: &quot;Open Sans&quot;; color: rgb(70, 112, 127);\">: ul. Olesi\u0144ska 21 lok. 115 (pi\u0119tro 1, koniec korytarza)<\/span><\/p>\n                    <p>\n                      <u style=\"font-weight: 400; font-size: 16px; font-family: &quot;Open Sans&quot;; color: rgb(70, 112, 127);\">Wilan\u00f3w<\/u><span style=\"font-weight: 400; font-size: 16px; font-family: &quot;Open Sans&quot;; color: rgb(70, 112, 127);\">: rondo Klimczaka \/ Sarmacka 16 (biuro na rogu)<\/span><\/p>\n                    <p>\n                      <br>\n                    <\/p>\n                  <\/div>\n                <\/div>\n              <\/div>\n            <\/div>\n          <\/div>\n        <\/div>\n      <\/div>\n    <\/div>\n  <\/div>\n<\/div>","protected":false},"excerpt":{"rendered":"<p>highest score on sworn translator exams *** NAJWY\u017bSZY WYNIK W POLSCE NA EGZAMINIE&nbsp; &#8211;&nbsp;uprawnienie nadane przez Ministra Sprawiedliwosci w 2019 r. 20+ YEARS OF EXPERIENCE *** 20+ lat do\u015bwiadczenia &#8211; firmy konsultingowe (np. McKinsey) &#8211; kancelarie prawnicze (np. Capital Legalis) &#8211; sp\u00f3\u0142ki farmaceutyczne (np. Parexel)&nbsp; &#8211; konsorcja i deweloperzy budowlani (np. Immofinanz) YOU WANT IT [&hellip;]<\/p>\n","protected":false},"author":1,"featured_media":0,"parent":0,"menu_order":0,"comment_status":"closed","ping_status":"closed","template":"page-templates\/homepage.php","meta":{"om_disable_all_campaigns":false,"_monsterinsights_skip_tracking":false,"_monsterinsights_sitenote_active":false,"_monsterinsights_sitenote_note":"","_monsterinsights_sitenote_category":0,"_uf_show_specific_survey":0,"_uf_disable_surveys":false,"footnotes":""},"class_list":["post-32","page","type-page","status-publish","hentry"],"aioseo_notices":[],"_links":{"self":[{"href":"https:\/\/mateuszstanicki.pl\/index.php?rest_route=\/wp\/v2\/pages\/32"}],"collection":[{"href":"https:\/\/mateuszstanicki.pl\/index.php?rest_route=\/wp\/v2\/pages"}],"about":[{"href":"https:\/\/mateuszstanicki.pl\/index.php?rest_route=\/wp\/v2\/types\/page"}],"author":[{"embeddable":true,"href":"https:\/\/mateuszstanicki.pl\/index.php?rest_route=\/wp\/v2\/users\/1"}],"replies":[{"embeddable":true,"href":"https:\/\/mateuszstanicki.pl\/index.php?rest_route=%2Fwp%2Fv2%2Fcomments&post=32"}],"version-history":[{"count":20,"href":"https:\/\/mateuszstanicki.pl\/index.php?rest_route=\/wp\/v2\/pages\/32\/revisions"}],"predecessor-version":[{"id":554,"href":"https:\/\/mateuszstanicki.pl\/index.php?rest_route=\/wp\/v2\/pages\/32\/revisions\/554"}],"wp:attachment":[{"href":"https:\/\/mateuszstanicki.pl\/index.php?rest_route=%2Fwp%2Fv2%2Fmedia&parent=32"}],"curies":[{"name":"wp","href":"https:\/\/api.w.org\/{rel}","templated":true}]}}